47483
What are the prime factors of 4726912?
2, 36929
What are the prime factors of 513007?
11, 149, 313
What are the prime factors of 50116255?
5, 7, 17, 84229
List the prime factors of 3396076169.
19, 178740851
List the prime factors of 11684978.
2, 271, 21559
List the prime factors of 1403227268.
2, 350806817
What are the prime factors of 82206029?
2503, 32843
What are the prime factors of 59319707?
59319707
List the prime factors of 2442273.
3, 31, 26261
What are the prime factors of 89248773?
3, 37, 804043
What are the prime factors of 2660939723?
13, 204687671
What are the prime factors of 19119393?
3, 2124377
List the prime factors of 753808946.
2, 11, 23, 135431
What are the prime factors of 105301666?
2, 59, 892387
List the prime factors of 2207153086.
2, 1103576543
What are the prime factors of 1620009612?
2, 3, 13, 1153853
List the prime factors of 119043994.
2, 79, 157, 4799
What are the prime factors of 476494909?
11, 617, 70207
What are the prime factors of 130449998?
2, 7, 983, 9479
What are the prime factors of 58431901?
11, 73, 72767
List the prime factors of 200679542.
2, 7, 941, 15233
List the prime factors of 798973026.
2, 3, 29, 307, 14957
What are the prime factors of 283437345?
3, 5, 17, 19, 3079
List the prime factors of 2578154942.
2, 11, 107, 1095223
What are the prime factors of 2945629481?
23, 139, 921373
List the prime factors of 788179418.
2, 13, 30314593
List the prime factors of 80145371.
80145371
List the prime factors of 1423967084.
2, 19, 47, 101, 3947
List the prime factors of 26302214.
2, 13151107
What are the prime factors of 52624645?
5, 10524929
List the prime factors of 238849942.
2, 131, 269, 3389
What are the prime factors of 645383022?
2, 3, 107563837
What are the prime factors of 42009958?
2, 17, 89, 13883
List the prime factors of 723856790.
2, 5, 72385679
What are the prime factors of 2658765560?
2, 5, 11, 47, 83, 1549
What are the prime factors of 170588565?
3, 5, 7, 97, 1861
What are the prime factors of 98448067?
271, 363277
List the prime factors of 2288366098.
2, 1144183049
List the prime factors of 117248555.
5, 311, 75401
List the prime factors of 215891442.
2, 3, 13, 922613
List the prime factors of 247287494.
2, 1069, 115663
List the prime factors of 164155724.
2, 151, 463, 587
What are the prime factors of 39064765?
5, 7812953
List the prime factors of 3971261280.
2, 3, 5, 7, 1181923
What are the prime factors of 99922145?
5, 31, 571, 1129
What are the prime factors of 444881781?
3, 16477103
List the prime factors of 59209654.
2, 7, 379, 11159
What are the prime factors of 328201810?
2, 5, 32820181
List the prime factors of 1627530294.
2, 3, 13, 20865773
What are the prime factors of 915100298?
2, 7, 661, 98887
What are the prime factors of 138427899?
3, 193, 239081
What are the prime factors of 325007849?
14897, 21817
What are the prime factors of 1764203254?
2, 11, 17, 4717121
List the prime factors of 1529352661.
1529352661
List the prime factors of 355187346.
2, 3, 37, 41, 39023
What are the prime factors of 772826962?
2, 31, 431, 28921
List the prime factors of 92901773.
19, 4889567
What are the prime factors of 1200561233?
17, 70621249
What are the prime factors of 491307454?
2, 11, 139, 160663
What are the prime factors of 428406858?
2, 3, 11, 2163671
What are the prime factors of 335900213?
11, 30536383
What are the prime factors of 90858475?
5, 19, 191281
What are the prime factors of 598409824?
2, 3271, 5717
List the prime factors of 9142918.
2, 41, 43, 2593
What are the prime factors of 211522241?
7, 30217463
List the prime factors of 583753735.
5, 17, 1399, 4909
What are the prime factors of 1333043044?
2, 769, 433369
List the prime factors of 681135468.
2, 3, 13, 47, 92899
List the prime factors of 1607116150.
2, 5, 167, 197, 977
List the prime factors of 370084565.
5, 19, 205033
What are the prime factors of 381451566?
2, 3, 83, 137, 5591
What are the prime factors of 107777457?
3, 11975273
List the prime factors of 906709587.
3, 7, 1277, 33811
List the prime factors of 44157085.
5, 7, 180233
What are the prime factors of 18845473?
19, 991867
List the prime factors of 1300039020.
2, 3, 5, 7, 89, 11593
List the prime factors of 191391927.
3, 701, 91009
What are the prime factors of 41993465?
5, 1861, 4513
What are the prime factors of 5183375329?
11, 1103, 427213
List the prime factors of 29531291.
37, 798143
What are the prime factors of 409651330?
2, 5, 11, 3724103
What are the prime factors of 45187127?
211, 331, 647
List the prime factors of 75509427.
3, 7, 17, 257, 823
List the prime factors of 2332087192.
2, 97, 3005267
What are the prime factors of 243662495?
5, 29, 1680431
What are the prime factors of 1639284577?
7, 97, 2414263
List the prime factors of 69098009.
1399, 49391
List the prime factors of 785109094.
2, 7, 11, 23, 221657
What are the prime factors of 1297935663?
3, 432645221
What are the prime factors of 714437817?
3, 67, 53051
What are the prime factors of 49847495?
5, 47, 212117
List the prime factors of 29475620.
2, 5, 17, 86693
What are the prime factors of 285484339?
7, 359, 16229
List the prime factors of 45061848.
2, 3, 13, 31, 1553
What are the prime factors of 3883411712?
2, 263, 57679
List the prime factors of 658638540.
2, 3, 5, 7, 241
List the prime factors of 44878468.
2, 59, 397, 479
List the prime factors of 103761805.
5, 7, 31, 95633
List the prime factors of 940734526.
2, 470367263
List the prime factors of 62153342.
2, 4253, 7307
What are the prime factors of 76536040?
2, 5, 7, 17, 2297
What are the prime factors of 42400621?
409, 103669
What are the prime factors of 7101560?
2, 5, 177539
What are the prime factors of 902710045?
5, 19, 53, 179287
What are the prime factors of 2445103872?
2, 3, 23, 46141
List the prime factors of 987827877.
3, 109758653
List the prime factors of 546219889.
907, 602227
List the prime factors of 43090020.
2, 3, 5, 239389
What are the prime factors of 114787009?
17, 6752177
What are the prime factors of 2076218007?
3, 17, 40710157
List the prime factors of 24029582.
2, 449, 26759
What are the prime factors of 2353474724?
2, 23, 25581247
List the prime factors of 579498355.
5, 137, 845983
List the prime factors of 449827479.
3, 16660277
List the prime factors of 52040264.
2, 17, 382649
What are the prime factors of 6118782?
2, 3, 23, 101, 439
What are the prime factors of 10836758?
2, 1571, 3449
List the prime factors of 37510179.
3, 7, 197, 9067
What are the prime factors of 85884325?
5, 3435373
What are the prime factors of 185500644?
2, 3, 7, 293, 7537
List the prime factors of 292684563.
3, 17, 637657
What are the prime factors of 1368486266?
2, 7, 43, 811, 2803
What are the prime factors of 169176276?
2, 3, 43, 12143
What are the prime factors of 645694939?
23, 31, 131, 223
What are the prime factors of 787388419?
8219, 95801
What are the prime factors of 168051212?
2, 7, 6001829
What are the prime factors of 6219257142?
2, 3, 7, 59, 919, 2731
List the prime factors of 112029079.
112029079
What are the prime factors of 30954512?
2, 1934657
List the prime factors of 91740700.
2, 5, 917407
List the prime factors of 525915364.
2, 13, 19, 41, 12983
List the prime factors of 41242870.
2, 5, 4124287
List the prime factors of 631216381.
631216381
What are the prime factors of 64198276?
2, 409, 39241
List the prime factors of 174389883.
3, 6451, 9011
What are the prime factors of 397956555?
3, 5, 181, 48859
List the prime factors of 19934167.
11, 311, 5827
List the prime factors of 20882081.
11, 1898371
What are the prime factors of 127688689?
127688689
What are the prime factors of 126248122?
2, 7, 11, 13, 19, 3319
List the prime factors of 25776856.
2, 7, 460301
What are the prime factors of 15394848?
2, 3, 7, 31, 739
List the prime factors of 640017342.
2, 3, 37, 320329
What are the prime factors of 168766161?
3, 89, 632083
List the prime factors of 185439918.
2, 3, 30906653
List the prime factors of 110746495.
5, 23, 577, 1669
List the prime factors of 13855858.
2, 107, 64747
List the prime factors of 5743405769.
71, 227, 367, 971
List the prime factors of 566760558.
2, 3, 7, 13, 257, 577
What are the prime factors of 400057270?
2, 5, 40005727
What are the prime factors of 62960720?
2, 5, 227, 3467
What